9 and 47.
1
What is the greatest common factor of 6462961 and 332?
83
What is the highest common factor of 4048240 and 500?
20
Calculate the greatest common factor of 8 and 93589200.
8
What is the greatest common factor of 5770248 and 3630?
726
Calculate the greatest common factor of 1 and 10890538.
1
What is the greatest common factor of 854341 and 3144138?
2039
What is the highest common divisor of 21111 and 17426109?
681
What is the highest common factor of 8280 and 1032?
24
Calculate the highest common factor of 64059 and 34719.
489
What is the highest common factor of 64838 and 35866856?
3814
Calculate the greatest common factor of 52011420 and 210.
30
Calculate the highest common divisor of 51937906 and 232408.
5282
Calculate the greatest common divisor of 54825 and 11300.
25
Calculate the highest common divisor of 73350 and 671886.
2934
What is the greatest common divisor of 17209040 and 17800?
3560
Calculate the greatest common divisor of 956496174 and 1497.
1497
What is the greatest common divisor of 276065965 and 20?
5
What is the greatest common divisor of 1515555 and 17505?
45
Calculate the greatest common divisor of 1866359 and 7974.
443
Calculate the highest common divisor of 5580 and 50302460.
620
Calculate the greatest common factor of 450 and 447726330.
90
What is the highest common factor of 2128150 and 6200?
1550
What is the greatest common divisor of 3509698 and 6?
2
Calculate the greatest common divisor of 79228 and 663876.
2732
What is the greatest common factor of 15658705 and 1235969?
9293
Calculate the highest common factor of 7560 and 31745.
35
Calculate the greatest common divisor of 1486360 and 48.
8
Calculate the greatest common factor of 44 and 47994254.
22
What is the greatest common factor of 8 and 6525236?
4
Calculate the greatest common divisor of 116532817 and 116.
29
Calculate the highest common divisor of 39992906 and 44815.
8963
What is the greatest common divisor of 171893 and 30129?
83
What is the highest common factor of 150220 and 60347?
259
What is the highest common divisor of 7 and 123781?
7
What is the greatest common factor of 1984571892 and 7236?
2412
Calculate the greatest common divisor of 6174750 and 159750.
750
Calculate the greatest common factor of 3350622 and 352.
22
Calculate the highest common factor of 342 and 16457895.
171
Calculate the highest common divisor of 1254348 and 3204.
36
Calculate the highest common factor of 16785766 and 129064.
2482
Calculate the greatest common factor of 456 and 11963928.
24
Calculate the highest common divisor of 118594 and 329778.
394
Calculate the highest common divisor of 845 and 3929757.
169
Calculate the greatest common factor of 11344186 and 392.
98
Calculate the highest common divisor of 2657673 and 216.
9
What is the highest common factor of 1 and 4878623?
1
Calculate the highest common factor of 4358658 and 276.
6
Calculate the highest common factor of 6651525 and 3799.
131
What is the highest common divisor of 71 and 10278102?
71
Calculate the greatest common divisor of 2156 and 16126.
22
What is the greatest common divisor of 15429 and 3947739?
417
What is the highest common factor of 147 and 744659?
1
Calculate the highest common divisor of 381715827 and 2355.
471
What is the greatest common factor of 63762795 and 1006?
503
What is the highest common factor of 601580 and 1988?
28
What is the highest common factor of 3920 and 67294640?
3920
What is the greatest common factor of 176 and 297286?
22
What is the greatest common divisor of 103 and 69536639?
103
What is the highest common divisor of 110973679 and 2216?
277
What is the greatest common divisor of 13701156 and 1092?
84
Calculate the greatest common factor of 281305 and 135.
5
What is the highest common divisor of 543 and 480?
3
Calculate the highest common divisor of 3 and 2535132.
3
Calculate the greatest common divisor of 12572621 and 1791.
199
What is the greatest common factor of 195 and 605397?
39
Calculate the highest common divisor of 214708320 and 48.
48
Calculate the greatest common divisor of 13690 and 8589106.
2738
Calculate the highest common divisor of 96 and 12107416.
8
What is the highest common factor of 7946 and 4964742?
58
Calculate the greatest common factor of 236277 and 27448970.
2917
Calculate the greatest common divisor of 282295920 and 20.
20
Calculate the highest common divisor of 136300 and 23876.
188
What is the highest common divisor of 242429 and 3487?
11
What is the greatest common factor of 4579 and 859427?
19
Calculate the greatest common divisor of 14 and 305332006.
14
Calculate the greatest common factor of 1110 and 329532.
6
Calculate the greatest common divisor of 667172 and 23836.
236
What is the greatest common divisor of 147846 and 8118?
246
What is the greatest common divisor of 5580237 and 5382?
897
What is the greatest common factor of 182 and 6348524?
182
Calculate the greatest common factor of 959753 and 354.
59
Calculate the greatest common factor of 39463 and 27246086.
2077
What is the greatest common divisor of 98 and 247492?
14
Calculate the highest common factor of 9597 and 172494.
21
Calculate the greatest common factor of 73314291 and 13746.
6873
What is the greatest common divisor of 648 and 41771592?
216
Calculate the greatest common divisor of 2421 and 263529.
9
What is the highest common factor of 51423 and 4111873?
281
What is the highest common divisor of 2835 and 4787181?
567
What is the highest common factor of 1711567 and 715?
143
What is the highest common factor of 1547 and 113403498?
221
What is the highest common factor of 11732 and 183215711?
2933
Calculate the highest common factor of 4399 and 1341589.
53
Calculate the greatest common divisor of 5 and 112453.
1
Calculate the highest common divisor of 74966913 and 21.
21
What is the greatest common divisor of 77 and 1757678461?
77
What is the highest common divisor of 8823 and 13811973?
51
Calculate the highest common factor of 3449611 and 1325.
53
Calculate the highest common divisor of 11005555 and 605.
605
Calculate the highest common divisor of 100395 and 4278.
69
What is the highest common divisor of 582 and 11945841?
291
What is the highest common factor of 215 and 60176178?
43
What is the greatest common divisor of 35974743 and 21?
21
What is the highest common divisor of 46159847 and 2?
1
Calculate the greatest common factor of 15406140 and 48.
12
What is the highest common divisor of 13754 and 6958466?
1058
What is the highest common divisor of 114686 and 379522?
286
Calculate the greatest common factor of 63485961 and 462.
231
What is the greatest common factor of 95294 and 9383762?
1798
What is the highest common divisor of 2509806 and 92874?
138
What is the highest common factor of 3 and 61575807?
3
Calculate the greatest common factor of 3685160 and 126232.
4072
What is the highest common factor of 198 and 43252?
22
Calculate the greatest common divisor of 581 and 680528869.
83
Calculate the highest common divisor of 523273363 and 454.
227
Calculate the greatest common factor of 225 and 17378050.
25
Calculate the highest common divisor of 32908627 and 19.
19
Calculate the highest common factor of 5004846 and 132822.
2826
Calculate the highest common divisor of 863113 and 817.
19
Calculate the greatest common divisor of 781 and 622919.
11
Calculate the highest common divisor of 12 and 2347806.
6
Calculate the highest common factor of 545470553 and 2507.
2507
Calculate the highest common divisor of 2788 and 1695596.
164
Calculate the greatest common factor of 9480240 and 1430.
110
Calculate the highest common factor of 29831559 and 123.
123
Calculate the greatest common divisor of 658112 and 19656.
728
Calculate the highest common divisor of 246 and 1281537.
123
Calculate the highest common divisor of 1958 and 10296499.
89
What is the highest common divisor of 348 and 8284524?
12
Calculate the highest common factor of 6 and 7083222.
6
What is the greatest common factor of 71659 and 117218?
29
Calculate the greatest common divisor of 6019 and 492609.
13
What is the greatest common divisor of 11489008 and 2312?
136
What is the highest common factor of 33528548 and 316?
316
What is the highest common divisor of 6896 and 80454339?
431
Calculate the greatest c